on factor of 267 and 183.
3
Calculate the greatest common divisor of 280 and 606704.
56
Calculate the highest common divisor of 68 and 7684.
68
Calculate the greatest common divisor of 134543 and 51872.
1621
What is the highest common factor of 160 and 43360?
160
What is the greatest common divisor of 1422 and 5400?
18
What is the highest common factor of 21139 and 1?
1
Calculate the highest common factor of 1257 and 2217.
3
What is the greatest common factor of 814 and 518?
74
What is the greatest common divisor of 50652 and 168?
84
Calculate the highest common divisor of 5062241 and 556.
139
Calculate the greatest common divisor of 153 and 27909.
9
Calculate the greatest common divisor of 33 and 928686.
33
What is the greatest common factor of 252 and 1645812?
252
Calculate the highest common divisor of 17040 and 80.
80
What is the highest common divisor of 23136 and 2272?
32
What is the greatest common divisor of 18712 and 124?
4
Calculate the highest common divisor of 536 and 162408.
536
Calculate the greatest common factor of 45934 and 238.
238
What is the greatest common divisor of 462 and 448?
14
Calculate the greatest common factor of 10 and 23010.
10
Calculate the highest common factor of 2163 and 14.
7
Calculate the highest common factor of 441 and 30114.
63
What is the greatest common divisor of 20536 and 544?
136
What is the greatest common factor of 23008 and 176?
16
Calculate the greatest common divisor of 366466 and 388.
194
Calculate the greatest common divisor of 38792 and 208.
104
What is the highest common divisor of 430023 and 1826?
913
Calculate the highest common divisor of 430 and 2550.
10
Calculate the highest common divisor of 15 and 6995.
5
Calculate the highest common factor of 14940 and 220.
20
Calculate the greatest common divisor of 5214 and 375882.
474
Calculate the highest common divisor of 118974 and 1896.
474
Calculate the highest common divisor of 1173 and 237.
3
What is the greatest common divisor of 20844 and 27918?
54
Calculate the greatest common divisor of 46 and 87952.
46
Calculate the greatest common factor of 8594 and 8.
2
What is the greatest common factor of 30329 and 689?
13
Calculate the highest common divisor of 1271292 and 12.
12
Calculate the greatest common divisor of 139203 and 9.
9
What is the highest common divisor of 10206 and 138?
6
What is the greatest common factor of 2561328 and 64?
16
Calculate the highest common factor of 3756156 and 24.
12
Calculate the highest common divisor of 306 and 813008.
34
What is the greatest common divisor of 810378 and 2064?
258
What is the greatest common divisor of 499875 and 62?
31
Calculate the highest common factor of 96 and 205008.
48
Calculate the highest common divisor of 363135 and 1677.
129
What is the highest common divisor of 144113 and 10339?
211
What is the highest common divisor of 15 and 112445?
5
What is the highest common factor of 2581 and 2059?
29
What is the greatest common divisor of 210769 and 523?
523
What is the highest common factor of 111909 and 3869?
73
Calculate the highest common factor of 24 and 229168.
8
Calculate the highest common divisor of 176 and 26906.
22
What is the highest common divisor of 820836 and 604?
604
Calculate the greatest common factor of 57528 and 504.
72
What is the greatest common factor of 17 and 52411?
17
Calculate the greatest common divisor of 8908 and 66096.
68
What is the highest common divisor of 521278 and 6208?
194
What is the highest common factor of 955 and 127397?
191
What is the highest common factor of 282727 and 17?
17
What is the highest common divisor of 330 and 163218?
66
Calculate the greatest common divisor of 3375 and 11.
1
What is the highest common divisor of 496 and 12976?
16
What is the highest common factor of 3249314 and 7405?
1481
Calculate the greatest common divisor of 8631 and 693.
63
Calculate the greatest common factor of 115986 and 78.
78
Calculate the highest common divisor of 9120 and 14250.
570
Calculate the greatest common factor of 161 and 14693.
7
What is the highest common divisor of 670 and 4330?
10
Calculate the greatest common divisor of 86025 and 372.
93
Calculate the greatest common divisor of 50 and 206120.
10
What is the greatest common factor of 35 and 50498?
7
What is the highest common factor of 336647 and 129?
43
What is the greatest common divisor of 12905 and 1856?
29
Calculate the greatest common divisor of 788650 and 50.
50
What is the highest common factor of 2622420 and 136?
68
What is the greatest common factor of 16 and 182408?
8
What is the highest common factor of 83 and 27473?
83
Calculate the greatest common divisor of 60 and 854440.
20
What is the greatest common factor of 226620 and 90?
90
Calculate the greatest common factor of 11380 and 110.
10
What is the greatest common factor of 32 and 69884?
4
Calculate the greatest common factor of 1447321 and 46.
23
Calculate the highest common divisor of 2945 and 20235.
95
Calculate the greatest common factor of 1326 and 1690.
26
Calculate the greatest common divisor of 800 and 376.
8
Calculate the greatest common factor of 30 and 2240.
10
Calculate the greatest common factor of 359591 and 327.
109
What is the highest common divisor of 6182 and 805346?
562
What is the highest common factor of 151335 and 18?
9
Calculate the greatest common factor of 6 and 11601.
3
Calculate the greatest common factor of 1823040 and 192.
192
What is the highest common divisor of 19 and 130511?
19
What is the highest common factor of 26398 and 9916?
134
Calculate the greatest common factor of 126 and 354858.
42
What is the highest common factor of 3838 and 608?
38
Calculate the greatest common factor of 186 and 534.
6
What is the greatest common factor of 60974 and 33323?
709
What is the greatest common divisor of 99 and 540441?
99
Calculate the greatest common factor of 1595 and 5423.
319
What is the greatest common factor of 46500 and 480?
60
Calculate the highest common divisor of 254 and 102.
2
Calculate the highest common divisor of 160 and 1575920.
80
What is the greatest common factor of 11 and 26431?
1
Calculate the greatest common divisor of 31280 and 1411.
17
Calculate the greatest common factor of 6775 and 10.
5
Calculate the highest common factor of 5089 and 49.
7
What is the greatest common divisor of 169 and 1976?
13
Calculate the greatest common divisor of 3528 and 293363.
49
Calculate the greatest common factor of 11272296 and 56.
56
What is the highest common factor of 2588017 and 778?
389
What is the greatest common divisor of 726 and 75988?
242
What is the highest common factor of 1 and 1039?
1
What is the highest common divisor of 15 and 5535060?
15
What is the highest common divisor of 6050 and 950?
50
Calculate the highest common divisor of 888893 and 554.
277
What is the greatest common factor of 541089 and 1593?
531
What is the greatest common divisor of 6313354 and 354?
118
Calculate the highest common divisor of 2833135 and 85.
85
What is the greatest common divisor of 2622 and 10741?
23
What is the highest common factor of 374 and 48382?
34
Calculate the greatest common divisor of 157 and 65469.
157
Calculate the highest common factor of 2950 and 10300.
50
What is the greatest common factor of 94760 and 1656?
184
Calculate the greatest common divisor of 10 and 176810.
10
Calculate the greatest common divisor of 735476 and 84.
28
What is the highest common factor of 96636 and 156?
12
Calculate the greatest common divisor of 813435 and 42700.
2135
Calculate the greatest common factor of 4824 and 2211.
201
Calculate the highest common divisor of 205146 and 6264.
1566
What is the highest common factor of 20 and 43915?
5
Calculate the greatest common divisor of 1314 and 555530.
146
Calculate the greatest common divisor of 6454 and 6818.
14
Calculate the highest common divisor of 38790 and 5760.
90
What is the greatest common divisor of 1608 and 82032?
24
What is the highest common divisor of 680089 and 488?
61
Calculate the greatest common factor of 14 and 29834.
14
What is the greatest common factor of 18 and 16299?
9
What is the highest common divisor of 10400 and 7904?
416
Calculate the greatest common factor of 79756 and 5024.
628
What is the greatest common divisor of 247457 and 29?
